 - (1 - -1).
-2
What is the value of 12 + -1 - (16 + -10)?
5
Evaluate -51 + 46 - (-1 + -10).
6
Calculate -16 - (5 + -13 + 2).
-10
What is the value of -3 + 3 + (4 - 2) + -2?
0
3 + -4 + 3 + (-3 - -3)
2
(-12 - -8 - -7) + -8
-5
Calculate -3 + 3 + -1 + 6.
5
Calculate (-5 - (2 + -1)) + 3.
-3
Calculate 0 + (-1 - -4) + -3.
0
Evaluate -7 - ((-1 - -2) + -7).
-1
What is -6 - (-1 + -3) - (3 + -1)?
-4
Evaluate 4 - (4 + -3 + 6).
-3
Evaluate 7 + 0 - (-1 - (3 + -7)).
4
What is (11 - 0) + 5 + (8 - 14)?
10
Evaluate -3 - ((0 + 2 - 5) + 2).
-2
Calculate -6 + 0 + 2 - -6.
2
Calculate 0 + -5 + 1 + 0.
-4
Evaluate (-5 + 2 - -6) + -7.
-4
Calculate -9 - (0 + 1 - (12 + -8)).
-6
What is the value of (9 - (8 - 6)) + -11?
-4
What is the value of -4 + (6 - (-3 - -9) - -1)?
-3
Calculate 1 - (4 + (-3 - 1) - 2).
3
What is 3 - (13 + -3 + 0) - 0?
-7
-3 + 3 - (-2 - -1) - -3
4
-5 - (-2 - (7 + -1 - 6))
-3
What is -4 + -2 + -3 + 6?
-3
7 + -2 - (8 + -7)
4
Calculate -79 + 81 + (-1 - -1 - 5).
-3
Calculate (-3 - -1) + (14 - 10) + 6.
8
What is 0 + 1 + 3 + (0 - 9)?
-5
Calculate -9 + (-1 - -9) - -6.
5
What is the value of -5 + -5 + 10 - 0?
0
What is the value of 6 + 0 + (5 - 10) - -4?
5
6 - (-2 - (5 + -3 - 7))
3
What is the value of -4 - (-14 - -6) - (-1 - -7)?
-2
What is the value of -4 - ((-1 - 5) + 4)?
-2
What is (5 - 4) + (-10 - -8)?
-1
(10 - 4) + -4 + -6 - 2
-6
((2 - -1) + -10 - -4) + -1
-4
What is -1 - -4 - (-10 + 13)?
0
What is the value of -1 - (5 + 1 + -7) - 0?
0
0 - (0 + (3 - 4))
1
Evaluate -8 + -5 + 8 + (-1 - 0).
-6
4 + 3 + -13 - -3
-3
Evaluate -4 + 4 + -2 + (0 - -1).
-1
What is the value of 3 - (5 - 1) - 2?
-3
What is 2 + 0 + 2 + -9?
-5
-11 - -5 - (3 - 4)
-5
What is -8 - (-9 - -2) - -5?
4
Calculate -13 - (-11 + (-3 - -9)).
-8
-2 - -6 - (4 + -2) - -2
4
What is the value of 4 + 5 + (-15 + 4 - 2)?
-4
What is the value of (16 - 10) + -5 - (7 + -2)?
-4
-11 + 10 - (-3 - -5)
-3
Evaluate -11 + 1 + 18 + -13.
-5
Calculate 3 - (-2 + (7 - 1 - 8)).
7
Evaluate 1 + 3 - (8 - 2 - 3).
1
Evaluate 7 + -14 + 4 + 3 + 3.
3
Evaluate (7 - (-6 - -11)) + 2 + 1.
5
Calculate 4 + 0 - (12 + -5).
-3
Evaluate 1 + 2 + 4 + -4 + 1.
4
14 + -9 + -20 + 20
5
(11 - (10 - 5)) + -1
5
What is the value of -5 + 0 + (3 - 1)?
-3
Evaluate -3 + 0 + -1 - -5.
1
Calculate (-2 + 2 - (17 + -8)) + 2.
-7
8 + -5 - ((3 - 3) + 2)
1
Evaluate 7 - (5 + 8 + -12).
6
What is the value of 6 - ((5 - 9) + 3)?
7
-4 - (7 + -2 + -12)
3
What is the value of (-2 - (0 - -3)) + (20 - 22)?
-7
What is (77 - 84) + (-1 - -4)?
-4
What is the value of (-1 - -7) + (13 - 15)?
4
What is the value of -8 + 3 - (-5 - (-4 - -3))?
-1
4 - ((1 - -2) + -2) - 3
0
(2 + -4 - -7) + -1 + -1
3
0 + -2 + 2 - (-14 - -11)
3
Calculate 8 + -4 + (0 - (5 - 6)).
5
Evaluate 4 + -1 - (-2 + 3 + -1).
3
What is the value of (6 + -8 - -5) + 2 + -9?
-4
Evaluate 8 - (-4 + 0 - -6).
6
What is the value of (2 - (13 - (0 + 8))) + 14?
11
Evaluate (2 + -5 - 3) + 12.
6
-10 - -8 - (-2 - 1)
1
What is the value of -2 + -2 - (-7 + 10 + -11)?
4
Calculate -16 + 20 + -9 - (0 + -5).
0
-4 + 3 + (4 - 3)
0
Calculate 1 + 0 - -4 - 4.
1
-2 + 11 + 7 + -12
4
What is the value of -2 + 9 + -2 - 5?
0
Calculate -2 + -3 + 5 + 0.
0
What is 0 + 2 - (71 + -70)?
1
What is (10 - 14) + (2 - -8)?
6
Calculate 0 + 3 - 3 - 1.
-1
Calculate (-7 - -2) + (-14 - (-29 + 14)).
-4
Evaluate 11 + (5 - 12) + -6.
-2
What is -4 + 4 + -5 + (0 - -1)?
-4
What is the value of (-2 - -7) + (56 - 53)?
8
What is -2 + 1 + (3 - (8 + -4))?
-2
Evaluate (-6 - 1 - -12) + -5.
0
What is the value of -6 - (-5 + 3) - -8?
4
What is (-7 + 1 - 4) + 17?
7
9 - (7 + (5 - -4 - 5))
-2
What is (10 - 6) + -2 + 0 + 1?
3
(1 - -3) + (-6 - (-1 - -1))
-2
Evaluate 1 + (-5 - (-12 - -6)).
2
Calculate 1 - (2 + -1 - -7).
-7
What is 0 - (1 - (6 + -6 - -3))?
2
Calculate -1 + 0 - (0 - (-1 + 4)).
2
What is -4 + (0 - (-1 - 3))?
0
What is 4 - (-1 + 1 + 6)?
-2
What is the value of 5 - (1 - -3 - 3) - 3?
1
Evaluate 2 - (2 - (6 + -4)).
2
Evaluate (2 - 1) + 7 - (5 - 4).
7
Calculate 7 - -2 - (-42 + 50).
1
What is the value of 3 + -2 + -4 + 1?
-2
Calculate -4 + (7 - (2 + 1 - 5)).
5
What is the value of 3 - ((-4 - -6) + -2)?
3
-1 + (1 - -3) - (325 - 322)
0
-26 + 30 - (2 + 0 - 0)
2
Calculate 4 + -1 + (4 - 5) + -3.
-1
Evaluate -2 + -3 + (-7 - -11).
-1
What is -3 + 7 - (-12 + 14)?
2
Calculate 0 + 10 + -5 - 8.
-3
What is the value of (-6 - -13) + -12 + 9?
4
7 + (-6 - (-8 - -4))
5
Evaluate -8 + 6 + 0 + 0.
-2
Evaluate 1 - (-6 + 10 + (-2 - 4)).
3
What is (5 - -3) + (15 - 16)?
7
What is -4 - 0 - ((6 - 7) + -8)?
5
What is the value of 9 - 9 - -6 - (1 + 3)?
2
What is (-7 - (4 - 1)) + (-2 - -7)?
-5
What is the value of 0 + 12 + -23 - -12?
1
What is the value of (-5 - ((-6 - 4) + 6)) + -7?
-8
Calculate (5 - 4) + 4 + 0 + -6.
-1
What is the value of -1 - ((-3 - (-7 + 3)) + 0)?
-2
What is 6 + (4 - 10) + 6?
6
Calculate (-12 - (-2 - 6)) + 12.
8
What is the value of -1 + (-3 - -8) + -5 + 1?
0
Calculate -9 + -2 - (-23 + 6).
6
(1 + 6 - (-3 - -3)) + -12
-5
What is the value of 5 + -1 + 3 + -2?
5
Evaluate 18 + -3 - (-14 + 24).
5
Calculate (-8 - -1) + -2 + 17 + -12.
-4
What is -3 + 7 - (1 + 1)?
2
What is 1 - (-6 + 6 + -5)?
6
Calculate 4 + 2 + -8 + 9 - 6.
1
Calculate -2 + -1 - (11 + -10 + -7).
3
What is the value of -6 + (-1 - -6) + 7?
6
Evaluate -1 - -6 - (-7 + (-9 - -19)).
2
What is the value of -3 + (-1 - 0 - -3)?
-1
What is the value of (0 - (3 + 0)) + 88 + -85?
0
What is the value of (3 - 6) + 5 - (4 + -9)?
7
Evaluate 5 + (-7 + 1 - -3).
2
What is 0 - (-3 - -5) - (-5 - 1)?
4
Evaluate 1 + 6 + -5 + -1 - 1.
0
Calculate -9 + (13 - (5 + 2)).
-3
4 - (3 - (2 + 4))
7
Evaluate 10 - (-2 + 4 + 4).
4
Calculate 1 + (-1 - -1) - (-3 - -5).
-1
What is 1 - (5 + -5) - (1 + 1)?
-1
What is 8 - (11 + 2 - 9)?
4
Calculate 4 - (-8 + 15) - -1.
-2
What is (-16 - -12) + (0 + 1 - 2)?
-5
Evaluate 3 - 4 - 6 - -7.
0
-5 - 1 - (2 - 2) - 3
-9
What is -4 + (5 - (-11 + 8))?
4
Calculate 0 + -2 - (1 + 7 + -16).
6
Calculate 0 + 7 + (-3 - (7 + 6)).
-9
What is the value of 4 + (8 + -6 - -2 - 8)?
0
What is the value of -3 + 0 - (44 - 51)?
4
Calculate (2 - (1 + -3 + 11)) + 3.
-4
What is (20 - 27) + 1 + 0 + 6?
0
-3 - (8 + -6 - 0) - -8
3
Calculate (2 + 6 - 3) + -2.
3
What is the value of -4 - (-5 + (-1 - -6)) - 0?
-4
Evaluate (0 - 2) + 0 + 1 + -2.
-3
Evaluate 2 + 6 + 4 + (4 - 12).
4
-2 + -5 + 4 + 3 - 3
-3
What is the value of -9 + (5 - (4 + -2)) - -3?
-3
Calculate -5 + 6 + (-11 - -6) + -3.
-7
What is the value of -2 - (4 + 0 + 0 + -3)?
-3
Evaluate 6 + -7 - (-2 + 3).
-2
Calculate -4 + -3 + -4 + 11.
0
What is -2 + 0 - (-6 + 7 + -3)?
0
What is the value of 0 + -3 - (0 + (4 - 2))?
-5
What is the value of 1 + 1 + (-6 - 2 - -6)?
0
5 - (-7 + 16) - (-5 + 1)
0
-3 + (-4 - -10 - 5)
-2
What is (7 - -1) + (0 - 14)?
-6
What is 1 + -3 - (1 + -1 - -3)?
-5
-2 - 0 - (-19 - -17)
0
Calculate 0 + (-2 - 2 - -7) + -6.
-3
What is the value of (-6 + 7 - 7) + 1?
-5
Evaluate 4 - (0 + -4 + 5).
3
What is the value of 4 + 2 - (12 - 4 - 3)?
1
Calculate (-4 - (0 + -2)) + -3.
-5
Evaluate (-4 - -8) + (-8 - -3).
-1
Calculate (-10 - -18) + (-1 - 0) - 16.
-9
Evaluate (-4 - -1) + 14 - 16.
-5
What is the value of 0 - (-1 - (2 + 0))?
3
What is the value of 2 + -9 + 5 + (5 - 7)?
-4
What is (3 - 7) + 4 - (-5 + 0)?
5
What is -5 + -7 + 10 + -2?
-4
-8 + (5 - -5) + 0
2
(5 - (-3 - -11)) + 2 + 1
0
(-4 - -9) + (0 - 6)
-1
What is the value of -2 - (0 + (-1 - (0 + 1)))?
0
What is 1 - (4 - (1 - 1) - 0)?
-3
(13 - 12 - (1 - 0)) + 3
3
Evaluate (-2 - -4) + -1 - (-1 + 1).
1
Calculate 14 + -11 - (0 - -4).
-1
Calculate (-4 - (0 + 5 + -4)) + -2.
-7
What is 3 - (-2 - (-5 + 6) - -6)?
0
3 + (-3 - -3 - 2 - -4)
5
Evaluate -9 + (1 - -1) - -3.
-4
What is -2 + (8 - 3) + (-1 - 0)?
2
What is the value of -3 + -1 + 3 - 2?
-3
What is 8 + -1 + 16 + -23?
0
What is the value of -1 - -4 - (27 + -22) - 1?
-3
Evaluate -1 + 7 + 2 + -8.
0
-6 + -15 + 10 + 1
-10
What is the value of 7 + (-2 - 2) + -2?
1
What is -2 + 14 + (-6 - 0)?
6
Evaluate (-21 - -13) + (0 - 0) - -5.
-3
What is the value of 5 - 6 - -2 - (-2 + 0)?
3
What is 0 + 1 + (-10 + 16 - 10)?
-3
What is 28 - 29 - (0 + 2 + -3)?
0
What is (-15 - -4) + 10 - (-1 + 0)?
0
What is (4 - 0) + -22 + 12?
-6
Calculate 3 + 0 + 7 + -16.
-6
Evaluate -8 + -6 + 8 + 3.
-3
Calculate 0 - (-4 - (-1 + -3)).
0
What is -2 - (2 - -2 - 5)?
-1
What is 28 + -26 + (2 - (-1 + 3))?
2
What is -714 - -707 